dred thousands digit of 10126622?
1
What is the thousands digit of 375748?
5
What is the hundreds digit of 182582?
5
What is the hundreds digit of 8485842?
8
What is the hundred thousands digit of 20041485?
0
What is the tens digit of 10652772?
7
What is the tens digit of 5345038?
3
What is the tens digit of 867377?
7
What is the ten thousands digit of 11483?
1
What is the ten thousands digit of 4830394?
3
What is the tens digit of 14154530?
3
What is the ten thousands digit of 25903020?
0
What is the hundreds digit of 8619869?
8
What is the ten thousands digit of 88249?
8
What is the units digit of 47732?
2
What is the hundreds digit of 174337?
3
What is the millions digit of 5779557?
5
What is the tens digit of 518781?
8
What is the millions digit of 5876093?
5
What is the units digit of 11197924?
4
What is the ten thousands digit of 2059062?
5
What is the thousands digit of 263897?
3
What is the units digit of 1629974?
4
What is the hundred thousands digit of 201343?
2
What is the units digit of 1285831?
1
What is the tens digit of 642410?
1
What is the hundred thousands digit of 182638?
1
What is the units digit of 209568?
8
What is the hundred thousands digit of 170988?
1
What is the tens digit of 1538451?
5
What is the hundreds digit of 501583?
5
What is the hundred thousands digit of 130393?
1
What is the ten thousands digit of 772402?
7
What is the hundreds digit of 2408278?
2
What is the ten thousands digit of 1546231?
4
What is the millions digit of 8665908?
8
What is the hundred thousands digit of 2098192?
0
What is the hundred thousands digit of 462644?
4
What is the units digit of 1141001?
1
What is the hundreds digit of 560765?
7
What is the ten thousands digit of 3484624?
8
What is the tens digit of 64028?
2
What is the hundreds digit of 76637?
6
What is the ten thousands digit of 803519?
0
What is the thousands digit of 694372?
4
What is the millions digit of 3288598?
3
What is the tens digit of 5058806?
0
What is the thousands digit of 946885?
6
What is the hundreds digit of 21407?
4
What is the hundred thousands digit of 4358885?
3
What is the millions digit of 10306863?
0
What is the tens digit of 5283875?
7
What is the tens digit of 39818?
1
What is the units digit of 819060?
0
What is the thousands digit of 1227515?
7
What is the millions digit of 1698620?
1
What is the units digit of 4534562?
2
What is the thousands digit of 359133?
9
What is the ten thousands digit of 417118?
1
What is the hundreds digit of 661840?
8
What is the thousands digit of 3090246?
0
What is the hundred thousands digit of 2586255?
5
What is the ten thousands digit of 639059?
3
What is the thousands digit of 2338516?
8
What is the ten thousands digit of 14412236?
1
What is the hundreds digit of 10984501?
5
What is the tens digit of 315830?
3
What is the millions digit of 6145704?
6
What is the hundred thousands digit of 1680143?
6
What is the thousands digit of 4014350?
4
What is the thousands digit of 332606?
2
What is the thousands digit of 788589?
8
What is the ten thousands digit of 84780?
8
What is the units digit of 11952?
2
What is the tens digit of 226124?
2
What is the units digit of 805084?
4
What is the hundreds digit of 10749?
7
What is the tens digit of 925817?
1
What is the ten thousands digit of 17696101?
9
What is the ten thousands digit of 2093268?
9
What is the hundreds digit of 2097882?
8
What is the thousands digit of 12758390?
8
What is the hundreds digit of 2690235?
2
What is the hundreds digit of 669571?
5
What is the hundreds digit of 132150?
1
What is the units digit of 393972?
2
What is the units digit of 2395894?
4
What is the thousands digit of 1297298?
7
What is the ten thousands digit of 10014579?
1
What is the tens digit of 7728906?
0
What is the hundreds digit of 25334006?
0
What is the units digit of 75544?
4
What is the hundreds digit of 10232007?
0
What is the tens digit of 127673?
7
What is the hundred thousands digit of 134114?
1
What is the tens digit of 156986?
8
What is the ten millions digit of 22660632?
2
What is the ten thousands digit of 2717370?
1
What is the thousands digit of 9777957?
7
What is the thousands digit of 8768190?
8
What is the millions digit of 10869796?
0
What is the units digit of 5705651?
1
What is the ten thousands digit of 348616?
4
What is the hundred thousands digit of 648720?
6
What is the hundred thousands digit of 540495?
5
What is the tens digit of 512270?
7
What is the hundred thousands digit of 478247?
4
What is the tens digit of 6210991?
9
What is the hundred thousands digit of 268313?
2
What is the millions digit of 1534921?
1
What is the units digit of 703724?
4
What is the tens digit of 24329?
2
What is the tens digit of 1013063?
6
What is the ten thousands digit of 140944?
4
What is the hundreds digit of 288142?
1
What is the hundred thousands digit of 264851?
2
What is the units digit of 221796?
6
What is the tens digit of 2914991?
9
What is the millions digit of 1295894?
1
What is the ten thousands digit of 2385476?
8
What is the units digit of 3157438?
8
What is the hundred thousands digit of 1474882?
4
What is the thousands digit of 21996129?
6
What is the hundred thousands digit of 10430569?
4
What is the millions digit of 3337996?
3
What is the tens digit of 6714771?
7
What is the hundreds digit of 15118503?
5
What is the millions digit of 24804871?
4
What is the units digit of 29995722?
2
What is the ten thousands digit of 58302?
5
What is the hundreds digit of 217034?
0
What is the units digit of 2845873?
3
What is the ten thousands digit of 1230040?
3
What is the ten millions digit of 22552979?
2
What is the tens digit of 724237?
3
What is the tens digit of 1914223?
2
What is the ten millions digit of 28288549?
2
What is the millions digit of 12079456?
2
What is the hundreds digit of 98483?
4
What is the millions digit of 3531789?
3
What is the units digit of 307110?
0
What is the thousands digit of 234335?
4
What is the tens digit of 652186?
8
What is the thousands digit of 20368570?
8
What is the ten thousands digit of 952144?
5
What is the tens digit of 1201142?
4
What is the units digit of 188285?
5
What is the ten thousands digit of 243260?
4
What is the millions digit of 10117958?
0
What is the thousands digit of 11088109?
8
What is the tens digit of 13419762?
6
What is the hundred thousands digit of 12863530?
8
What is the thousands digit of 324009?
4
What is the hundred thousands digit of 163520?
1
What is the thousands digit of 9343942?
3
What is the thousands digit of 478003?
8
What is the units digit of 555021?
1
What is the ten millions digit of 33612116?
3
What is the thousands digit of 35682?
5
What is the hundreds digit of 2532731?
7
What is the tens digit of 2854015?
1
What is the ten thousands digit of 5102665?
0
What is the thousands digit of 4399297?
9
What is the thousands digit of 10595399?
5
What is the thousands digit of 122222?
2
What is the units digit of 6094542?
2
What is the thousands digit of 1497307?
7
What is the units digit of 11303749?
9
What is the thousands digit of 3176198?
6
What is the millions digit of 2037189?
2
What is the ten thousands digit of 74481?
7
What is the thousands digit of 2666640?
6
What is the hundreds digit of 1033724?
7
What is the hundreds digit of 184290?
2
What is the tens digit of 9733797?
9
What is the hundreds digit of 534967?
9
What is the tens digit of 509096?
9
What is the ten thousands digit of 41594?
4
What is the thousands digit of 3325356?
5
What is the hundred thousands digit of 267362?
2
What is the hundreds digit of 179421?
4
What is the ten thousands digit of 2643357?
4
What is the hundred thousands digit of 202232?
2
What is the ten thousands digit of 28710?
2
What is the ten thousands digit of 267703?
6
What is the ten thousands digit of 139193?
3
What is the thousands digit of 428512?
8
What is the hundreds digit of 416258?
2
What is the ten thousands digit of 1027824?
2
What is the ten thousands digit of 116321?
1
What is the units digit of 136132?
2
What is the tens digit of 15357533?
3
What is the ten millions digit of 11899720?
1
What is the thousands digit of 5591562?
1
What is the ten thousands digit of 143659?
4
What is the millions digit of 2779183?
2
What is the units digi